+ -2
4
What is the value of -4 + (8 - (4 - -3))?
-3
((2 - 1) + 1 - 3) + -1
-2
Calculate (-52 + 48 - (0 + -13)) + 1.
10
Calculate -2 + (5 + -3 - 4) + 5.
1
What is 10 - (-1 - -3) - (3 + 3)?
2
Calculate 11 + -2 + (2 - 7) + -1.
3
16 + -14 + 1 + -8
-5
What is the value of 2 + (2 - (-8 - -12))?
0
-10 + -5 + 5 + 5
-5
What is the value of (-3 - 1) + (8 - (5 - -9))?
-10
-3 - -9 - (-3 - -4)
5
Evaluate 5 + (-8 - -2 - -5 - -4).
8
(-131 - -112) + -1 + 14
-6
What is 4 + -4 + (0 + 1 - 4)?
-3
5 - ((13 - 18) + 18)
-8
What is -1 + 5 - (-5 + 10)?
-1
-8 + (8 - 5) - -12
7
10 + (6 - 11) + -6
-1
Calculate -1 - 2 - -6 - (3 + -1).
1
Calculate -2 - (-7 + 2) - 1.
2
Evaluate (2 - 1) + -8 - -10.
3
Calculate -4 + 5 + -2 + 8 + -2.
5
Evaluate -86 - -80 - (2 - 1).
-7
Calculate 4 - (2 - 1) - (2 - 4).
5
What is the value of -7 + 2 - (-7 + 0)?
2
What is the value of (-3 - -10) + -3 + (-5 - 2)?
-3
What is -2 - (5 - (10 - 1))?
2
What is the value of -1 + (3 - 0) + (3 - 1)?
4
What is the value of 15 + 14 + -24 + (1 - 0)?
6
What is 71 - 70 - (-1 - -4)?
-2
Evaluate -1 + 4 + 8 + -16.
-5
(5 - 2) + -3 + 1 + -3
-2
1 + (5 - 2) - (-3 - -6)
1
(-3 + 0 - -10) + -4
3
(6 - 4) + (-3 + 1 - -3)
3
Evaluate (0 - 1) + 1 + -2 + -1.
-3
Evaluate (7 - (-3 - 0 - -2)) + -3.
5
What is 2 - (4 + -5 + 6)?
-3
Evaluate 3 - (1 + (4 - 4) - 1).
3
What is the value of 3 + -5 + (11 - 4)?
5
What is -2 + 5 + 1 + -1 + -1?
2
Evaluate 7 + (-6 - (7 - 10)).
4
Calculate -3 + 1 + 4 - -3.
5
What is 8 + (-5 - (1 + -1))?
3
(-6 - 5) + 11 + -2
-2
What is 3 + (-3 - 4) + 6 - -5?
7
What is (2 - (8 - 3)) + (5 - 0)?
2
5 - (5 - 4) - 2
2
Evaluate 7 + -5 - (-1 - -2 - 4).
5
Evaluate (1 - 4) + (4 - (-1 + 0)).
2
What is the value of -11 + -1 + (13 - 6)?
-5
Evaluate 1 + 1 + -3 - (9 + -14).
4
Evaluate -3 + -1 + (-2 - (-2 - 1)).
-3
What is the value of 10 + -2 - (38 - 30)?
0
What is (-11 - -4) + 3 + 4?
0
(23 - 19) + 0 + 1
5
What is the value of 13 + 4 + -2 + (323 - 331)?
7
Evaluate -9 - -14 - (2 + -2).
5
What is 26 + -34 + 2 + 2?
-4
What is the value of (1 - 2) + -16 + 10?
-7
What is -1 + 0 + (-4 - -1) + -2?
-6
Calculate (-4 - (-5 - -5)) + 0 + -4.
-8
Evaluate -6 - -9 - (6 - 0).
-3
-1 + 20 - 9 - 5
5
What is -6 + (-9 - -20) + 2?
7
Calculate -7 - ((-4 - 0) + 5) - -5.
-3
-3 - 1 - (-15 - -10)
1
Calculate -51 + 44 - (3 - 4).
-6
What is the value of -6 + 8 + -9 - -7?
0
Evaluate (17 - 20) + 6 + (-2 - -1).
2
Evaluate -2 + (-12 + 7 - -5).
-2
What is (-14 - -15) + 0 + -1?
0
What is -4 - ((0 - 0) + -4)?
0
Evaluate (-4 - (-7 + 3)) + 6.
6
2 + -4 + 3 - 5
-4
Calculate 5 + (7 - 8 - (3 + 0)).
1
Evaluate 5 - (-3 + 3) - 5 - -4.
4
Calculate -5 + (8 - -2) + -10.
-5
5 + -4 + -3 + 0 + -2
-4
-1 - (3 - 6 - 3)
5
Calculate 0 + 3 - (-11 + (-5 - -12)).
7
(3 - 3) + 7 + -4
3
Calculate (4 - 0 - -8) + 9 + -15.
6
2 + 1 + -2 - (30 - 29)
0
Calculate (-9 - -11) + -2 + -2.
-2
Calculate 1 + (4 - (14 - 0 - 3)).
-6
Evaluate -7 + (-2 - (-1 - 4)).
-4
What is the value of -3 - -12 - (-1 + 8)?
2
What is the value of 1 - (-2 - 0) - (-10 - -13)?
0
What is 3 + -2 + -8 + 11?
4
What is the value of 2 - 0 - (-14 + 20)?
-4
What is the value of 3 - (4 - (0 + -3 + 8))?
4
Evaluate -2 - (-5 - -2) - 1.
0
Evaluate 3 + 0 - (4 + -1).
0
Calculate -3 + -3 + 6 - (0 + 3).
-3
What is 4 - 0 - (27 - (20 - 5))?
-8
2 + 6 + -5 + -3 + -1
-1
Evaluate 3 - (-8 - (-5 - 5)).
1
Evaluate (7 - (4 - -4)) + -7.
-8
What is the value of 5 + 6 + -9 + -1?
1
What is -11 + 7 - (0 - (-1 + 3))?
-2
-1 - (-5 - (-6 + 0))
-2
-3 + 1 - (4 + -18 + 6)
6
Evaluate -5 - (3 + -5) - -5.
2
What is -1 - (-2 + 3 + 0 + 0)?
-2
What is 0 - -11 - (9 + -3)?
5
Evaluate -3 + 11 + 4 + -1 + -8.
3
Calculate 8 + 7 + (-1 - 10).
4
Evaluate 8 + (-10 + 3 - -5) + -4.
2
7 + (-5 - 8) + 1
-5
What is the value of (-4 - -4 - -5) + 0?
5
What is -4 - -3 - (-7 + 10)?
-4
Evaluate -3 - -1 - (5 + 2 + 0).
-9
Evaluate 9 + -7 - ((-3 - -3) + 2).
0
Calculate 0 + (-5 - (-4 + 2)) + 8.
5
What is the value of (4 - 2 - 3) + 1 - -1?
1
Evaluate (4 + -4 - 3) + -10 + 10.
-3
-1 + 4 + -18 + 14
-1
-5 - (-9 - -2) - (9 - -1)
-8
Calculate -4 + 0 - (44 - 50).
2
What is 6 + (-1 - (-6 - -7)) + -3?
1
What is -6 + (-9 + 18 - 8)?
-5
What is the value of (-3 - (4 - 1)) + 0 + 3?
-3
Calculate -1 + -2 + -1 - -5.
1
What is -5 + 4 + (4 - 3) - 8?
-8
Calculate -8 + 4 - (-3 + -1).
0
Calculate (-2 - -1) + 1 - (-7 + 9).
-2
What is (-2 - 4 - 5) + 18?
7
Evaluate -5 + (1 - -6) + -1.
1
-5 + (6 - -6) - 1
6
What is (2 - -7) + -16 - -8?
1
What is the value of (-147 - -136) + -3 + 1 + 5?
-8
What is (1 - (3 - -4 - 2)) + 7?
3
Evaluate 22 - 23 - (0 + 0).
-1
What is 1 + 16 + -9 + (-12 - -1)?
-3
What is the value of (-2 - 3) + 3 - (0 + 4)?
-6
Evaluate 20 - 17 - (-3 + 1).
5
(9 - (16 - -7)) + 7
-7
Calculate 0 + -1 - (-9 + 9).
-1
What is -3 - (0 - 2) - (8 - 3)?
-6
What is the value of 4 - -2 - ((2 - 4) + 11)?
-3
What is 6 + -2 - (6 - -2)?
-4
5 - (1 + 7) - 3
-6
9 - (-1 + 6) - -1
5
What is the value of -4 - (-37 + 43 - (11 - 0))?
1
What is the value of 0 - (7 + 0) - -9?
2
What is the value of 3 - 6 - (1 - 1 - 0)?
-3
Evaluate (1 - (2 - 3)) + -3 + 3.
2
What is the value of (-8 - 4) + 14 + -9?
-7
What is 2 - -2 - (1 + 0)?
3
1 - 28 - -20 - (-9 - 1)
3
-8 + 0 + (10 - 3 - 3)
-4
What is the value of 20 + -25 + (1 - -8)?
4
What is -13 + (-2 - -21 - 14)?
-8
What is (-6 - -2 - -6) + -2?
0
7 + -1 - (-10 - (-9 - 1))
6
Evaluate -4 + 5 + (5 + -3 - 5).
-2
What is the value of (-4 + 7 + 0 - 1) + 3?
5
(-1 - -1) + -2 + (-57 - -54)
-5
What is 7 - (-3 + 3) - (1 + 2)?
4
Calculate -2 + (-3 + 2 - 0).
-3
Calculate 2 + -7 + 8 + -3.
0
(-4 - -9) + -11 - -3
-3
Evaluate -4 + 3 + (-4 - 1 - -3).
-3
What is 0 + (-6 - (-6 - -7)) + 14?
7
Evaluate (-3 - (-1 - 3)) + -4 - -5.
2
Calculate (9 - 7) + (3 - 8) + 6.
3
-5 - (15 + -13 - (2 - -2))
-3
Evaluate 0 + 0 + (-1 - (3 - 0)).
-4
-3 + (15 - 11) + 4
5
Calculate (3 - 5) + -6 + 4.
-4
(17 + -9 - (-1 - 0)) + -2
7
Evaluate 0 + (-5 - -1) + 7.
3
What is 7 + -2 - (-2 - -6)?
1
Evaluate -3 - (-2 - -1 - -3).
-5
What is the value of -2 - (1 - (-3 + -1) - 4)?
-3
(-2 - -2) + 1 - (-6 - -4)
3
Evaluate -6 - (5 + (-5 - -1) + -2).
-5
Calculate 5 + (-1 - -1) - (9 - 6).
2
What is -1 - 7 - (-4 + -1)?
-3
-3 + 10 + -9 + -3
-5
Evaluate -16 + 21 + -3 + -5.
-3
What is the value of (2 + -3 - (-2 + 4)) + 0?
-3
Evaluate 3 + -4 + 1 + 5 - 2.
3
-3 + -4 + 3 - (-2 + 3)
-5
Calculate -2 + (-1 - 2) + -6 + 6.
-5
-1 + -2 + (9 - 9) + 0
-3
What is the value of 5 + 0 + (-2 - (-3 + -1))?
7
What is 4 - (0 - 1) - 1?
4
Calculate (13 - 30) + 4 + 4.
-9
Calculate 1 + 2 - (-12 + 13) - -3.
5
Calculate 3 - 6 - -9 - 2.
4
What is (-5 - -22) + -3 + -7?
7
3 - (9 + 16 - 13)
-9
Evaluate -6 - (3 + -5 + 2).
-6
-18 + 3 - (-33 + 25)
-7
Evaluate -5 + -5 - (-5 - 0) - -5.
0
Calculate 0 + 9 - (17 + -15 + 5).
2
What is the value of 6 + 1 - (-4 + 2 + 6)?
3
What is 4 + (0 - (3 + 1))?
0
What is the value of (-3 - (3 - 9)) + 4 + -8?
-1
What is the value of -1 - (-2 + -1 - -4)?
-2
What is the value of 2 + 2 + (-1 + -3 - -2)?
2
What is the value of -1 + -5 + -2 + 11?
3
Calculate (-8 - -7) + 10 + -15.
-6
(3 + (4 - 3) - 8) + -1
-5
Calculate 5 + (-10 - -3) + 5.
3
What is 2 + -11 + 5 + -7?
-11
What is the value of (5 - -1) + (8 - 11) + 3?
6
Calculate 10 - (-23 + 19 - (1 + -8)).
7
9 - (-17 + 5 - -13)
8
Evaluate (1 - -4) + -4 + (6 - 8).
-1
What is the value of -17 + -1 + 6 + 7?
-5
Evaluate -4 + 14 + -5 + 1.
6
(21 - 19) + (-1 - (1 + -1))
1
What is the value of (4 - 10 - -10) + -7?
-3
What is (1 - (-5 - -3)) + -1 + -3?
-1
Calculate -3 + 1 - (-3 + 13 - 12).
0
What is the value of -6 - (16 - (-12 - -25))?
-9
-2 + 2 - (5 - (-1 + 4))
-2
Calculate (0 - (0 - -1)) + -1.
-2
Evaluate (0 + 12 - 4 - 2) + -1.
5
0 + (-5 - 3) + -2 + 6
-4
What is (0 - (2 - -1)) + 4?
1
Evaluate (-1 - -1) + (1 - 1) - 3.
-3
What is 0 + 1 + -10 + 4?
-5
-2 + 1 - (10 - 13) - 2
0
Evaluate 1 + (3 - (3 + 0)).
1
Calculate 2 + 0 + 5 + -3.
4
What is the value of -10 + 6 + -1 + -1 + 2?
-4
What is the value of -9 + (27 - 9 - 9)?
0
Evaluate -17 - -17 - (-7 - -2 - -1).
4
Evaluate -2 - (-22 + 17 + (1 - 3)).
5
What is the value of -8 - (7 + (-12 - 8))?
5
What is -30 + 25 - (-1 + 2)?
-6
(-12 - (-1 + 1)) + 40 + -34
-6
Calculate 0 + (-2 - (-4 + 5)) + 8.
5
-7 - (-7 + (1 + -2 - -3))
-2
Evaluate -36 + 32 - (8 + -2).
-10
-7 - (-1 - -1 - 0 - 4)
-3
(-1 - 6) + 5 - 1
-3
What is -5 - (-5 - -2 - (0 + -4))?
-6
What is the value of (2 - 1) + (-8 + 4 - -6)?
3
